 



{"id":20710,"date":"2018-11-19T16:29:13","date_gmt":"2018-11-19T16:29:13","guid":{"rendered":"https:\/\/www.consorciresidus.org\/les-histories-de-la-vall-verda\/"},"modified":"2018-12-21T09:08:35","modified_gmt":"2018-12-21T09:08:35","slug":"las-historias-de-la-vall-verda","status":"publish","type":"page","link":"https:\/\/www.consorciresidus.org\/es\/las-historias-de-la-vall-verda\/","title":{"rendered":"Las Historias de la Vall Verda"},"content":{"rendered":"[mk_page_section min_height=\u00bb0&#8243; js_vertical_centered=\u00bbtrue\u00bb padding_top=\u00bb50&#8243; padding_bottom=\u00bb0&#8243; el_class=\u00bbintro\u00bb sidebar=\u00bbsidebar-1&#8243;][vc_column][vc_single_image image=\u00bb20609&#8243; img_size=\u00bbfull\u00bb alignment=\u00bbcenter\u00bb][mk_ornamental_title tag_name=\u00bbh3&#8243; font_family=\u00bbRaleway\u00bb font_type=\u00bbgoogle\u00bb font_size=\u00bb35&#8243; font_weight=\u00bb400&#8243; txt_transform=\u00bbnone\u00bb ornament_style=\u00bbnorman-single\u00bb ornament_color=\u00bb#c4c4c4&#8243; margin_top=\u00bb30&#8243;]Las Historias de la Vall Verda[\/mk_ornamental_title][vc_column_text css=\u00bb.vc_custom_1545057268743{margin-bottom: 0px !important;}\u00bb]Las <b style=\"color: #669c4f;\">Historias de la Vall Verda<\/b> es una iniciativa que nace del Consorci de Residuos COR-V5, con el prop\u00f3sito de acercarse a las y los vecinos de la Vall d&#8217;Albaida, haciendo visible el trabajo del COR, creando la figura de un superh\u00e9roe que lucha por el cuidado de nuestro entorno (El Capit\u00e0 Vall Verda) y dando voz a las asociaciones y ciudadanos que est\u00e1n protagonizando acciones destacadas en el campo del medio ambiente a traves las Docuhist\u00f2ries. Ambas con contenido din\u00e1mico, con ritmo, de duraci\u00f3n corta y directo.[\/vc_column_text][\/vc_column][\/mk_page_section][vc_section css=\u00bb.vc_custom_1542644565660{padding-bottom: 100px !important;}\u00bb][vc_row][vc_column width=\u00bb1\/2&#8243; css=\u00bb.vc_custom_1542644805804{padding-top: 50px !important;}\u00bb][vc_row_inner css=\u00bb.vc_custom_1487877197408{padding-top: 40px !important;}\u00bb][vc_column_inner el_class=\u00bbcaja\u00bb css=\u00bb.vc_custom_1487897584631{padding: 24px !important;}\u00bb][vc_single_image image=\u00bb20617&#8243; alignment=\u00bbcenter\u00bb][vc_custom_heading text=\u00bbEl capit\u00e1n Vall Verda\u00bb font_container=\u00bbtag:h2|font_size:24px|text_align:center|line_height:24px\u00bb use_theme_fonts=\u00bbyes\u00bb][vc_separator color=\u00bbcustom\u00bb border_width=\u00bb2&#8243; el_width=\u00bb50&#8243; accent_color=\u00bb#666666&#8243;][vc_column_text css=\u00bb.vc_custom_1542645123574{margin-bottom: 0px !important;}\u00bb]Una webserie donde nuestro superh\u00e9roe, el fabuloso Capit\u00e1n Vall Verda, tratar\u00e1 de poner cordura en los malos h\u00e1bitos de Xesi Total, un despreocupado sin ning\u00fan respeto por el entorno ni el medio ambiente. \u00bfLo conseguir\u00e1 con sus superpoderes? \u00bfSer\u00e1 capaz de hacerlo sin dejar de hablar en verso?[\/vc_column_text][mk_padding_divider][vc_video title=\u00bbCAP\u00cdTULO 1&#8243; link=\u00bbhttps:\/\/www.youtube.com\/watch?v=uDbJ0Fq1AQc&amp;t=0s&amp;index=2&amp;list=PLk4ANC4WYRc_pe1H6HHaFgRo4zBnv9eXh\u00bb][mk_padding_divider][vc_video title=\u00bbCAP\u00cdTULO 2&#8243; link=\u00bbhttps:\/\/www.youtube.com\/watch?v=rnc8_j6bQmk\u00bb][mk_padding_divider][vc_video title=\u00bbCAP\u00cdTULO 3&#8243; link=\u00bbhttps:\/\/www.youtube.com\/watch?v=DL3vlCDnhoY\u00bb][mk_padding_divider][vc_video title=\u00bbCAP\u00cdTULO 4&#8243; link=\u00bbhttps:\/\/www.youtube.com\/watch?v=QMgiWJRRLmQ\u00bb][mk_padding_divider][vc_video title=\u00bbCAP\u00cdTULO 5&#8243; link=\u00bbhttps:\/\/youtu.be\/ab8JC7Znojk\u00bb][mk_padding_divider][vc_video title=\u00bbCAP\u00cdTULO 6&#8243; link=\u00bbhttps:\/\/youtu.be\/Cp4fltBfraI\u00bb][\/vc_column_inner][\/vc_row_inner][\/vc_column][vc_column width=\u00bb1\/2&#8243; css=\u00bb.vc_custom_1542644813772{padding-top: 50px !important;}\u00bb][vc_row_inner css=\u00bb.vc_custom_1487877188325{padding-top: 40px !important;}\u00bb][vc_column_inner el_class=\u00bbcaja\u00bb css=\u00bb.vc_custom_1487897660464{padding: 24px !important;}\u00bb][vc_single_image image=\u00bb20615&#8243; alignment=\u00bbcenter\u00bb][vc_custom_heading text=\u00bbLas docuhistorias\u00bb font_container=\u00bbtag:h2|font_size:24px|text_align:center|line_height:24px\u00bb use_theme_fonts=\u00bbyes\u00bb][vc_separator color=\u00bbcustom\u00bb border_width=\u00bb2&#8243; el_width=\u00bb50&#8243; accent_color=\u00bb#666666&#8243;][vc_column_text css=\u00bb.vc_custom_1542645106022{margin-bottom: 0px !important;}\u00bb]Documentales que recogen las iniciativas, actividades y propuestas que surgen de los ciudadanos de la comarca de la Vall d\u2019Albaida y que tienen como prop\u00f3sito mejorar nuestro futuro. Ideas para cambiar nuestro trozo de mundo donde nos ha tocado vivir. Una revoluci\u00f3n casi silenciosa que protagonizan los vecinos de la Vall.[\/vc_column_text][mk_padding_divider][vc_video title=\u00bbM\u00c9S QUE HORTA, AGRICULTURA ECOL\u00d2GICA.\u00bb link=\u00bbhttps:\/\/youtu.be\/JjD6yUiYWBM\u00bb][mk_padding_divider][vc_video title=\u00bbMINI AGENTS ENERG\u00c8TICS INEL.\u00bb link=\u00bbhttps:\/\/youtu.be\/vQmW6R3Vz2w\u00bb][mk_padding_divider][vc_video title=\u00bbHORT URB\u00c0 CRIS\u00bb link=\u00bbhttps:\/\/www.youtube.com\/watch?v=vLGKUNk8DcU\u00bb][mk_padding_divider][vc_video title=\u00bbCARR\u00cdCOLA COMPOST\u00bb link=\u00bbhttps:\/\/youtu.be\/hw_-IcdLg9M\u00bb][mk_padding_divider][vc_video title=\u00bbCENTRO OCUPACIONAL J.A. BODOQUE\u00bb link=\u00bbhttps:\/\/youtu.be\/jrDHeNaSsAM\u00bb][mk_padding_divider][vc_video title=\u00bbCENTRE MARIOLA VERDA\u00bb link=\u00bbhttps:\/\/youtu.be\/hsRuHkyGTFM\u00bb][\/vc_column_inner][\/vc_row_inner][\/vc_column][\/vc_row][\/vc_section]\n<div style=\"clear:both;\"><\/div>","protected":false},"excerpt":{"rendered":"<p>Las Historias de la Vall Verda es una iniciativa que nace del Consorci de Residuos COR-V5, con el prop\u00f3sito de acercarse a las y los vecinos de la Vall d&#8217;Albaida, haciendo visible el trabajo del COR.<\/p>\n","protected":false},"author":1,"featured_media":0,"parent":0,"menu_order":0,"comment_status":"closed","ping_status":"closed","template":"","meta":{"footnotes":""},"class_list":["post-20710","page","type-page","status-publish","hentry"],"yoast_head":"<!-- This site is optimized with the Yoast SEO plugin v26.0 - https:\/\/yoast.com\/wordpress\/plugins\/seo\/ -->\n<title>Las Historias de la Vall Verda - Consorcio de Residuos V5 - COR<\/title>\n<meta name=\"description\" content=\"Las Historias de la Vall Verda es una iniciativa que nace del Consorci de Residuos COR-V5, con el prop\u00f3sito de acercarse a las y los vecinos de la Vall d&#039;Albaida, haciendo visible el trabajo del COR.\" \/>\n<meta name=\"robots\" content=\"index, follow, max-snippet:-1, max-image-preview:large, max-video-preview:-1\" \/>\n<link rel=\"canonical\" href=\"https:\/\/www.consorciresidus.org\/es\/las-historias-de-la-vall-verda\/\" \/>\n<meta property=\"og:locale\" content=\"es_ES\" \/>\n<meta property=\"og:type\" content=\"article\" \/>\n<meta property=\"og:title\" content=\"Las Historias de la Vall Verda\" \/>\n<meta property=\"og:description\" content=\"Las Historias de la Vall Verda es una iniciativa que nace del Consorci de Residuos COR-V5, con el prop\u00f3sito de acercarse a las y los vecinos de la Vall d&#039;Albaida, haciendo visible el trabajo del COR.\" \/>\n<meta property=\"og:url\" content=\"https:\/\/www.consorciresidus.org\/es\/las-historias-de-la-vall-verda\/\" \/>\n<meta property=\"og:site_name\" content=\"Consorcio de Residuos V5 - COR\" \/>\n<meta property=\"article:modified_time\" content=\"2018-12-21T09:08:35+00:00\" \/>\n<meta property=\"og:image\" content=\"https:\/\/www.consorciresidus.org\/wp-content\/uploads\/2018\/11\/iii.jpg\" \/>\n\t<meta property=\"og:image:width\" content=\"300\" \/>\n\t<meta property=\"og:image:height\" content=\"300\" \/>\n\t<meta property=\"og:image:type\" content=\"image\/jpeg\" \/>\n<meta name=\"twitter:card\" content=\"summary_large_image\" \/>\n<meta name=\"twitter:title\" content=\"Las Historias de la Vall Verda\" \/>\n<meta name=\"twitter:description\" content=\"Las Historias de la Vall Verda es una iniciativa que nace del Consorci de Residuos COR-V5, con el prop\u00f3sito de acercarse a las y los vecinos de la Vall d&#039;Albaida, haciendo visible el trabajo del COR.\" \/>\n<meta name=\"twitter:image\" content=\"https:\/\/www.consorciresidus.org\/wp-content\/uploads\/2018\/11\/iii.jpg\" \/>\n<meta name=\"twitter:label1\" content=\"Tiempo de lectura\" \/>\n\t<meta name=\"twitter:data1\" content=\"3 minutos\" \/>\n<script type=\"application\/ld+json\" class=\"yoast-schema-graph\">{\"@context\":\"https:\/\/schema.org\",\"@graph\":[{\"@type\":\"WebPage\",\"@id\":\"https:\/\/www.consorciresidus.org\/es\/las-historias-de-la-vall-verda\/\",\"url\":\"https:\/\/www.consorciresidus.org\/es\/las-historias-de-la-vall-verda\/\",\"name\":\"Las Historias de la Vall Verda - Consorcio de Residuos V5 - COR\",\"isPartOf\":{\"@id\":\"https:\/\/www.consorciresidus.org\/#website\"},\"datePublished\":\"2018-11-19T16:29:13+00:00\",\"dateModified\":\"2018-12-21T09:08:35+00:00\",\"description\":\"Las Historias de la Vall Verda es una iniciativa que nace del Consorci de Residuos COR-V5, con el prop\u00f3sito de acercarse a las y los vecinos de la Vall d'Albaida, haciendo visible el trabajo del COR.\",\"inLanguage\":\"es\",\"potentialAction\":[{\"@type\":\"ReadAction\",\"target\":[\"https:\/\/www.consorciresidus.org\/es\/las-historias-de-la-vall-verda\/\"]}]},{\"@type\":\"WebSite\",\"@id\":\"https:\/\/www.consorciresidus.org\/#website\",\"url\":\"https:\/\/www.consorciresidus.org\/\",\"name\":\"Consorcio de Residuos V5 - COR\",\"description\":\"Consorcio para la gesti\u00f3n de residuos\",\"potentialAction\":[{\"@type\":\"SearchAction\",\"target\":{\"@type\":\"EntryPoint\",\"urlTemplate\":\"https:\/\/www.consorciresidus.org\/?s={search_term_string}\"},\"query-input\":{\"@type\":\"PropertyValueSpecification\",\"valueRequired\":true,\"valueName\":\"search_term_string\"}}],\"inLanguage\":\"es\"}]}<\/script>\n<!-- \/ Yoast SEO plugin. -->","yoast_head_json":{"title":"Las Historias de la Vall Verda - Consorcio de Residuos V5 - COR","description":"Las Historias de la Vall Verda es una iniciativa que nace del Consorci de Residuos COR-V5, con el prop\u00f3sito de acercarse a las y los vecinos de la Vall d'Albaida, haciendo visible el trabajo del COR.","robots":{"index":"index","follow":"follow","max-snippet":"max-snippet:-1","max-image-preview":"max-image-preview:large","max-video-preview":"max-video-preview:-1"},"canonical":"https:\/\/www.consorciresidus.org\/es\/las-historias-de-la-vall-verda\/","og_locale":"es_ES","og_type":"article","og_title":"Las Historias de la Vall Verda","og_description":"Las Historias de la Vall Verda es una iniciativa que nace del Consorci de Residuos COR-V5, con el prop\u00f3sito de acercarse a las y los vecinos de la Vall d'Albaida, haciendo visible el trabajo del COR.","og_url":"https:\/\/www.consorciresidus.org\/es\/las-historias-de-la-vall-verda\/","og_site_name":"Consorcio de Residuos V5 - COR","article_modified_time":"2018-12-21T09:08:35+00:00","og_image":[{"width":300,"height":300,"url":"https:\/\/www.consorciresidus.org\/wp-content\/uploads\/2018\/11\/iii.jpg","type":"image\/jpeg"}],"twitter_card":"summary_large_image","twitter_title":"Las Historias de la Vall Verda","twitter_description":"Las Historias de la Vall Verda es una iniciativa que nace del Consorci de Residuos COR-V5, con el prop\u00f3sito de acercarse a las y los vecinos de la Vall d'Albaida, haciendo visible el trabajo del COR.","twitter_image":"https:\/\/www.consorciresidus.org\/wp-content\/uploads\/2018\/11\/iii.jpg","twitter_misc":{"Tiempo de lectura":"3 minutos"},"schema":{"@context":"https:\/\/schema.org","@graph":[{"@type":"WebPage","@id":"https:\/\/www.consorciresidus.org\/es\/las-historias-de-la-vall-verda\/","url":"https:\/\/www.consorciresidus.org\/es\/las-historias-de-la-vall-verda\/","name":"Las Historias de la Vall Verda - Consorcio de Residuos V5 - COR","isPartOf":{"@id":"https:\/\/www.consorciresidus.org\/#website"},"datePublished":"2018-11-19T16:29:13+00:00","dateModified":"2018-12-21T09:08:35+00:00","description":"Las Historias de la Vall Verda es una iniciativa que nace del Consorci de Residuos COR-V5, con el prop\u00f3sito de acercarse a las y los vecinos de la Vall d'Albaida, haciendo visible el trabajo del COR.","inLanguage":"es","potentialAction":[{"@type":"ReadAction","target":["https:\/\/www.consorciresidus.org\/es\/las-historias-de-la-vall-verda\/"]}]},{"@type":"WebSite","@id":"https:\/\/www.consorciresidus.org\/#website","url":"https:\/\/www.consorciresidus.org\/","name":"Consorcio de Residuos V5 - COR","description":"Consorcio para la gesti\u00f3n de residuos","potentialAction":[{"@type":"SearchAction","target":{"@type":"EntryPoint","urlTemplate":"https:\/\/www.consorciresidus.org\/?s={search_term_string}"},"query-input":{"@type":"PropertyValueSpecification","valueRequired":true,"valueName":"search_term_string"}}],"inLanguage":"es"}]}},"_links":{"self":[{"href":"https:\/\/www.consorciresidus.org\/es\/wp-json\/wp\/v2\/pages\/20710","targetHints":{"allow":["GET"]}}],"collection":[{"href":"https:\/\/www.consorciresidus.org\/es\/wp-json\/wp\/v2\/pages"}],"about":[{"href":"https:\/\/www.consorciresidus.org\/es\/wp-json\/wp\/v2\/types\/page"}],"author":[{"embeddable":true,"href":"https:\/\/www.consorciresidus.org\/es\/wp-json\/wp\/v2\/users\/1"}],"replies":[{"embeddable":true,"href":"https:\/\/www.consorciresidus.org\/es\/wp-json\/wp\/v2\/comments?post=20710"}],"version-history":[{"count":14,"href":"https:\/\/www.consorciresidus.org\/es\/wp-json\/wp\/v2\/pages\/20710\/revisions"}],"predecessor-version":[{"id":20719,"href":"https:\/\/www.consorciresidus.org\/es\/wp-json\/wp\/v2\/pages\/20710\/revisions\/20719"}],"wp:attachment":[{"href":"https:\/\/www.consorciresidus.org\/es\/wp-json\/wp\/v2\/media?parent=20710"}],"curies":[{"name":"wp","href":"https:\/\/api.w.org\/{rel}","templated":true}]}}

[mk_page_section min_height=»0&#8243; js_vertical_centered=»true» padding_top=»50&#8243; padding_bottom=»0&#8243; el_class=»intro» sidebar=»sidebar-1&#8243;][vc_column][vc_single_image image=»20609&#8243; img_size=»full» alignment=»center»][mk_ornamental_title tag_name=»h3&#8243; font_family=»Raleway» font_type=»google» font_size=»35&#8243; font_weight=»400&#8243; txt_transform=»none» ornament_style=»norman-single» ornament_color=»#c4c4c4&#8243; margin_top=»30&#8243;]Las Historias de la Vall Verda[/mk_ornamental_title][vc_column_text css=».vc_custom_1545057268743{margin-bottom: 0px !important;}»]Las <b style="color: #669c4f;">Historias de la Vall Verda</b> es una iniciativa que nace del Consorci de Residuos COR-V5, con el propósito de acercarse a las y los vecinos de la Vall d&#8217;Albaida, haciendo visible el trabajo del COR, creando la figura de un superhéroe que lucha por el cuidado de nuestro entorno (El Capità Vall Verda) y dando voz a las asociaciones y ciudadanos que están protagonizando acciones destacadas en el campo del medio ambiente a traves las Docuhistòries. Ambas con contenido dinámico, con ritmo, de duración corta y directo.[/vc_column_text][/vc_column][/mk_page_section][vc_section css=».vc_custom_1542644565660{padding-bottom: 100px !important;}»][vc_row][vc_column width=»1/2&#8243; css=».vc_custom_1542644805804{padding-top: 50px !important;}»][vc_row_inner css=».vc_custom_1487877197408{padding-top: 40px !important;}»][vc_column_inner el_class=»caja» css=».vc_custom_1487897584631{padding: 24px !important;}»][vc_single_image image=»20617&#8243; alignment=»center»][vc_custom_heading text=»El capitán Vall Verda» font_container=»tag:h2|font_size:24px|text_align:center|line_height:24px» use_theme_fonts=»yes»][vc_separator color=»custom» border_width=»2&#8243; el_width=»50&#8243; accent_color=»#666666&#8243;][vc_column_text css=».vc_custom_1542645123574{margin-bottom: 0px !important;}»]Una webserie donde nuestro superhéroe, el fabuloso Capitán Vall Verda, tratará de poner cordura en los malos hábitos de Xesi Total, un despreocupado sin ningún respeto por el entorno ni el medio ambiente. ¿Lo conseguirá con sus superpoderes? ¿Será capaz de hacerlo sin dejar de hablar en verso?[/vc_column_text][mk_padding_divider][vc_video title=»CAPÍTULO 1&#8243; link=»https://www.youtube.com/watch?v=uDbJ0Fq1AQc&amp;t=0s&amp;index=2&amp;list=PLk4ANC4WYRc_pe1H6HHaFgRo4zBnv9eXh»][mk_padding_divider][vc_video title=»CAPÍTULO 2&#8243; link=»https://www.youtube.com/watch?v=rnc8_j6bQmk»][mk_padding_divider][vc_video title=»CAPÍTULO 3&#8243; link=»https://www.youtube.com/watch?v=DL3vlCDnhoY»][mk_padding_divider][vc_video title=»CAPÍTULO 4&#8243; link=»https://www.youtube.com/watch?v=QMgiWJRRLmQ»][mk_padding_divider][vc_video title=»CAPÍTULO 5&#8243; link=»https://youtu.be/ab8JC7Znojk»][mk_padding_divider][vc_video title=»CAPÍTULO 6&#8243; link=»https://youtu.be/Cp4fltBfraI»][/vc_column_inner][/vc_row_inner][/vc_column][vc_column width=»1/2&#8243; css=».vc_custom_1542644813772{padding-top: 50px !important;}»][vc_row_inner css=».vc_custom_1487877188325{padding-top: 40px !important;}»][vc_column_inner el_class=»caja» css=».vc_custom_1487897660464{padding: 24px !important;}»][vc_single_image image=»20615&#8243; alignment=»center»][vc_custom_heading text=»Las docuhistorias» font_container=»tag:h2|font_size:24px|text_align:center|line_height:24px» use_theme_fonts=»yes»][vc_separator color=»custom» border_width=»2&#8243; el_width=»50&#8243; accent_color=»#666666&#8243;][vc_column_text css=».vc_custom_1542645106022{margin-bottom: 0px !important;}»]Documentales que recogen las iniciativas, actividades y propuestas que surgen de los ciudadanos de la comarca de la Vall d’Albaida y que tienen como propósito mejorar nuestro futuro. Ideas para cambiar nuestro trozo de mundo donde nos ha tocado vivir. Una revolución casi silenciosa que protagonizan los vecinos de la Vall.[/vc_column_text][mk_padding_divider][vc_video title=»MÉS QUE HORTA, AGRICULTURA ECOLÒGICA.» link=»https://youtu.be/JjD6yUiYWBM»][mk_padding_divider][vc_video title=»MINI AGENTS ENERGÈTICS INEL.» link=»https://youtu.be/vQmW6R3Vz2w»][mk_padding_divider][vc_video title=»HORT URBÀ CRIS» link=»https://www.youtube.com/watch?v=vLGKUNk8DcU»][mk_padding_divider][vc_video title=»CARRÍCOLA COMPOST» link=»https://youtu.be/hw_-IcdLg9M»][mk_padding_divider][vc_video title=»CENTRO OCUPACIONAL J.A. BODOQUE» link=»https://youtu.be/jrDHeNaSsAM»][mk_padding_divider][vc_video title=»CENTRE MARIOLA VERDA» link=»https://youtu.be/hsRuHkyGTFM»][/vc_column_inner][/vc_row_inner][/vc_column][/vc_row][/vc_section]
<div style="clear:both;"></div>

<p>Las Historias de la Vall Verda es una iniciativa que nace del Consorci de Residuos COR-V5, con el propósito de acercarse a las y los vecinos de la Vall d&#8217;Albaida, haciendo visible el trabajo del COR.</p>

<!-- This site is optimized with the Yoast SEO plugin v26.0 - https://yoast.com/wordpress/plugins/seo/ -->
<title>Las Historias de la Vall Verda - Consorcio de Residuos V5 - COR</title>
<meta name="description" content="Las Historias de la Vall Verda es una iniciativa que nace del Consorci de Residuos COR-V5, con el propósito de acercarse a las y los vecinos de la Vall d&#039;Albaida, haciendo visible el trabajo del COR." />
<meta name="robots" content="index, follow, max-snippet:-1, max-image-preview:large, max-video-preview:-1" />
<link rel="canonical" href="https://www.consorciresidus.org/es/las-historias-de-la-vall-verda/" />
<meta property="og:locale" content="es_ES" />
<meta property="og:type" content="article" />
<meta property="og:title" content="Las Historias de la Vall Verda" />
<meta property="og:description" content="Las Historias de la Vall Verda es una iniciativa que nace del Consorci de Residuos COR-V5, con el propósito de acercarse a las y los vecinos de la Vall d&#039;Albaida, haciendo visible el trabajo del COR." />
<meta property="og:url" content="https://www.consorciresidus.org/es/las-historias-de-la-vall-verda/" />
<meta property="og:site_name" content="Consorcio de Residuos V5 - COR" />
<meta property="article:modified_time" content="2018-12-21T09:08:35+00:00" />
<meta property="og:image" content="https://www.consorciresidus.org/wp-content/uploads/2018/11/iii.jpg" />
	<meta property="og:image:width" content="300" />
	<meta property="og:image:height" content="300" />
	<meta property="og:image:type" content="image/jpeg" />
<meta name="twitter:card" content="summary_large_image" />
<meta name="twitter:title" content="Las Historias de la Vall Verda" />
<meta name="twitter:description" content="Las Historias de la Vall Verda es una iniciativa que nace del Consorci de Residuos COR-V5, con el propósito de acercarse a las y los vecinos de la Vall d&#039;Albaida, haciendo visible el trabajo del COR." />
<meta name="twitter:image" content="https://www.consorciresidus.org/wp-content/uploads/2018/11/iii.jpg" />
<meta name="twitter:label1" content="Tiempo de lectura" />
	<meta name="twitter:data1" content="3 minutos" />
<script type="application/ld+json" class="yoast-schema-graph">{"@context":"https://schema.org","@graph":[{"@type":"WebPage","@id":"https://www.consorciresidus.org/es/las-historias-de-la-vall-verda/","url":"https://www.consorciresidus.org/es/las-historias-de-la-vall-verda/","name":"Las Historias de la Vall Verda - Consorcio de Residuos V5 - COR","isPartOf":{"@id":"https://www.consorciresidus.org/#website"},"datePublished":"2018-11-19T16:29:13+00:00","dateModified":"2018-12-21T09:08:35+00:00","description":"Las Historias de la Vall Verda es una iniciativa que nace del Consorci de Residuos COR-V5, con el propósito de acercarse a las y los vecinos de la Vall d'Albaida, haciendo visible el trabajo del COR.","inLanguage":"es","potentialAction":[{"@type":"ReadAction","target":["https://www.consorciresidus.org/es/las-historias-de-la-vall-verda/"]}]},{"@type":"WebSite","@id":"https://www.consorciresidus.org/#website","url":"https://www.consorciresidus.org/","name":"Consorcio de Residuos V5 - COR","description":"Consorcio para la gestión de residuos","potentialAction":[{"@type":"SearchAction","target":{"@type":"EntryPoint","urlTemplate":"https://www.consorciresidus.org/?s={search_term_string}"},"query-input":{"@type":"PropertyValueSpecification","valueRequired":true,"valueName":"search_term_string"}}],"inLanguage":"es"}]}</script>
<!-- / Yoast SEO plugin. -->

Las Historias de la Vall Verda es una iniciativa que nace del Consorci de Residuos COR-V5, con el propósito de acercarse a las y los vecinos de la Vall d'Albaida, haciendo visible el trabajo del COR.

Consorcio para la gestión de residuos
